251, 187441
What are the prime factors of 1487030781?
3, 9661, 51307
List the prime factors of 484784377.
7, 11, 283, 22247
List the prime factors of 212996214.
2, 3, 11833123
What are the prime factors of 2123530?
2, 5, 212353
List the prime factors of 271017197.
11, 19, 107, 12119
List the prime factors of 61500016.
2, 17, 226103
What are the prime factors of 24135694?
2, 11, 23, 47699
List the prime factors of 1137819697.
7, 269, 604259
List the prime factors of 2006952147.
3, 23, 691, 1559
List the prime factors of 116459010.
2, 3, 5, 17, 103, 739
List the prime factors of 439528148.
2, 109882037
List the prime factors of 5210370188.
2, 17, 76623091
List the prime factors of 125558340.
2, 3, 5, 487, 4297
List the prime factors of 16067275.
5, 7, 91813
List the prime factors of 49950265.
5, 1657, 6029
List the prime factors of 419443796.
2, 113, 927973
List the prime factors of 4884797442.
2, 3, 7, 17, 6841453
What are the prime factors of 537100344?
2, 3, 11, 678157
List the prime factors of 123560835.
3, 5, 2087, 3947
What are the prime factors of 21236096?
2, 7, 137, 173
What are the prime factors of 19828028?
2, 11, 71, 577
List the prime factors of 3053512410.
2, 3, 5, 13, 7829519
What are the prime factors of 431346185?
5, 17, 37, 137153
List the prime factors of 79600811.
373, 213407
What are the prime factors of 14288586?
2, 3, 13, 37, 4951
What are the prime factors of 710399949?
3, 7, 19, 139, 12809
List the prime factors of 154407750.
2, 3, 5, 7, 29411
What are the prime factors of 116782725?
3, 5, 1557103
What are the prime factors of 101458273?
7, 1427, 1451
What are the prime factors of 2166816269?
23, 31, 71, 1861
What are the prime factors of 276497340?
2, 3, 5, 7, 658327
What are the prime factors of 63644188?
2, 1889, 8423
List the prime factors of 15642770.
2, 5, 11, 13, 10939
List the prime factors of 1610168425.
5, 1847, 34871
List the prime factors of 96379633.
7, 13768519
What are the prime factors of 4166488284?
2, 3, 7, 941, 52711
List the prime factors of 1159237005.
3, 5, 8293, 9319
List the prime factors of 26759109.
3, 13, 686131
What are the prime factors of 438669552?
2, 3, 53, 172433
List the prime factors of 111358716.
2, 3, 7, 79, 97, 173
List the prime factors of 1673102885.
5, 334620577
List the prime factors of 31871046.
2, 3, 5311841
List the prime factors of 71405178.
2, 3, 13, 915451
List the prime factors of 47841302.
2, 919, 26029
What are the prime factors of 1325526238?
2, 137, 4837687
What are the prime factors of 523414156?
2, 17, 29, 265423
List the prime factors of 19693335.
3, 5, 1312889
What are the prime factors of 2077561694?
2, 13, 683, 116993
What are the prime factors of 49842942?
2, 3, 8307157
What are the prime factors of 611506270?
2, 5, 127, 481501
List the prime factors of 7977713873.
7977713873
What are the prime factors of 54067412?
2, 7, 17, 97, 1171
What are the prime factors of 2499612902?
2, 1249806451
List the prime factors of 686960180.
2, 5, 2251, 15259
What are the prime factors of 402617659?
402617659
What are the prime factors of 358241254?
2, 7, 839, 4357
List the prime factors of 4047367512.
2, 3, 83, 2031811
List the prime factors of 128302026.
2, 3, 17, 73, 17231
List the prime factors of 148797480.
2, 3, 5, 13, 95383
What are the prime factors of 50198093?
11, 17, 268439
What are the prime factors of 226863417?
3, 11, 593, 11593
List the prime factors of 5144933893.
11, 467721263
What are the prime factors of 37708556?
2, 97, 97187
List the prime factors of 62483789.
17, 863, 4259
List the prime factors of 41501178.
2, 3, 2305621
List the prime factors of 89142477.
3, 2879, 10321
List the prime factors of 61486227.
3, 11, 167, 3719
What are the prime factors of 586587212?
2, 146646803
List the prime factors of 78400746.
2, 3, 29, 150193
What are the prime factors of 57035836?
2, 11, 13, 99713
List the prime factors of 1257601523.
1257601523
What are the prime factors of 127785148?
2, 23, 1388969
What are the prime factors of 12525493?
241, 51973
List the prime factors of 6746826655.
5, 29, 46529839
What are the prime factors of 54378392?
2, 6797299
List the prime factors of 295332059.
11, 53, 506573
What are the prime factors of 70030388?
2, 3137, 5581
What are the prime factors of 414034007?
414034007
List the prime factors of 52775278.
2, 26387639
List the prime factors of 4208945923.
7, 13, 167, 419, 661
What are the prime factors of 1230866868?
2, 3, 7, 11, 190301
What are the prime factors of 213265098?
2, 3, 521, 22741
List the prime factors of 420742698.
2, 3, 5557, 12619
What are the prime factors of 361357711?
11, 13, 89, 28393
What are the prime factors of 504031941?
3, 7, 8000507
What are the prime factors of 1289448494?
2, 23, 73, 151, 2543
What are the prime factors of 239427975?
3, 5, 71, 44963
What are the prime factors of 445570548?
2, 3, 37130879
List the prime factors of 204820325.
5, 8192813
What are the prime factors of 732373151?
1709, 428539
List the prime factors of 11381788.
2, 11, 258677
What are the prime factors of 1863396653?
29, 64255057
List the prime factors of 450201592.
2, 31, 1889
What are the prime factors of 414776252?
2, 11, 1823, 5171
What are the prime factors of 704291737?
9547, 73771
List the prime factors of 414001987.
7, 59143141
List the prime factors of 2228138166.
2, 3, 371356361
List the prime factors of 715014458.
2, 17, 21029837
What are the prime factors of 116236117?
9349, 12433
List the prime factors of 936389830.
2, 5, 503, 186161
What are the prime factors of 44760534?
2, 3, 7, 13, 73, 1123
What are the prime factors of 67500057?
3, 22500019
What are the prime factors of 158780275?
5, 151, 42061
List the prime factors of 794765797.
7, 229, 495799
What are the prime factors of 20766687?
3, 6922229
What are the prime factors of 15119119?
23, 41, 16033
What are the prime factors of 3139303565?
5, 59, 10641707
What are the prime factors of 103715022?
2, 3, 17285837
What are the prime factors of 774701828?
2, 107, 257, 7043
List the prime factors of 1269807075.
3, 5, 5643587
List the prime factors of 1354096866.
2, 3, 14563, 15497
What are the prime factors of 232158409?
7, 17, 277, 7043
List the prime factors of 10509136.
2, 11, 29, 71
What are the prime factors of 342966575?
5, 7, 379, 5171
What are the prime factors of 101353318?
2, 11, 23, 29, 6907
List the prime factors of 12869771.
43, 191, 1567
What are the prime factors of 401803504?
2, 1303, 19273
List the prime factors of 1229925781.
7, 103, 1705861
List the prime factors of 2048582453.
587, 3489919
List the prime factors of 70667981.
947, 74623
List the prime factors of 50929993.
31, 1642903
What are the prime factors of 562826365?
5, 112565273
What are the prime factors of 1399664990?
2, 5, 29, 4826431
What are the prime factors of 609101738?
2, 7, 17, 2559251
What are the prime factors of 864708095?
5, 172941619
What are the prime factors of 575944840?
2, 5, 23, 421, 1487
What are the prime factors of 39303977?
39303977
What are the prime factors of 72266881?
17, 4250993
What are the prime factors of 559399256?
2, 13, 719, 7481
List the prime factors of 104063683.
31, 3356893
What are the prime factors of 1261997622?
2, 3, 3631, 19309
List the prime factors of 3639400227.
3, 821, 54727
What are the prime factors of 146750843?
37, 3966239
What are the prime factors of 29219296?
2, 913103
List the prime factors of 277333210.
2, 5, 7, 11, 137, 239
List the prime factors of 52568949.
3, 17522983
What are the prime factors of 250070144?
2, 1953673
What are the prime factors of 320317807?
14321, 22367
What are the prime factors of 255181767?
3, 4139, 20551
What are the prime factors of 2140378329?
3, 19, 37550497
List the prime factors of 3499643821.
23, 152158427
What are the prime factors of 988506570?
2, 3, 5, 32950219
List the prime factors of 11878979.
7, 907, 1871
List the prime factors of 947508405.
3, 5, 163, 387529
List the prime factors of 78351709.
78351709
List the prime factors of 673241185.
5, 6263, 21499
List the prime factors of 770551428.
2, 3, 23, 389, 7177
List the prime factors of 267154372.
2, 2029, 32917
What are the prime factors of 376811314?
2, 11, 47, 373, 977
What are the prime factors of 751533659?
3061, 245519
List the prime f